84
In base 4, what is 10 - 1101?
-1031
In base 12, what is -2 - 7?
-9
In base 10, what is 3 + -114?
-111
In base 4, what is 210 - 11?
133
In base 14, what is -231 + -4?
-235
In base 9, what is -66 - 5?
-72
In base 6, what is -1 + -3?
-4
In base 7, what is 1446 - 5?
1441
In base 2, what is -1 - -1000111011?
1000111010
In base 10, what is -4 - -72?
68
In base 3, what is 110 + -201202?
-201022
In base 4, what is 10 - 13120?
-13110
In base 7, what is 64123 + -1?
64122
In base 2, what is 100110 + 1000101?
1101011
In base 8, what is -302 + 1?
-301
In base 9, what is -4 - 218?
-223
In base 3, what is -10 + -1012100?
-1012110
In base 8, what is 1 - 244?
-243
In base 14, what is -2 - 191?
-193
In base 13, what is -920 - -4?
-919
In base 8, what is 11 - -1471?
1502
In base 16, what is ac + -3?
a9
In base 12, what is 8 - -2?
a
In base 16, what is a + 1d?
27
In base 12, what is -5 + -14?
-19
In base 8, what is 176553 - 4?
176547
In base 4, what is -11223 - -11?
-11212
In base 4, what is -2 - -13231?
13223
In base 2, what is 110 + -1000?
-10
In base 14, what is 3 + -136?
-133
In base 10, what is 5 - -439?
444
In base 16, what is 3 - f7?
-f4
In base 2, what is 100 + -1001101?
-1001001
In base 14, what is -7 - 149?
-152
In base 9, what is 4 + 25?
30
In base 10, what is -176 + -20?
-196
In base 6, what is -2213 + 3?
-2210
In base 8, what is 2 + -31?
-27
In base 2, what is -101110 + -11?
-110001
In base 3, what is -1 - -1122?
1121
In base 13, what is -20 + 1b?
-2
In base 6, what is 105 - 141?
-32
In base 6, what is -223 + 3?
-220
In base 3, what is 2 - 12202?
-12200
In base 11, what is -3 + 33?
30
In base 5, what is 33002 - 4?
32443
In base 10, what is 8 + 30?
38
In base 4, what is -2102 - 10?
-2112
In base 14, what is 4 + -48?
-44
In base 11, what is 1 + -956?
-955
In base 15, what is -11 + -7?
-18
In base 15, what is 97 - -111?
1a8
In base 11, what is -10 + 918?
908
In base 10, what is 4 - -1197?
1201
In base 5, what is -14 + -411?
-430
In base 5, what is 0 - 1340?
-1340
In base 3, what is -2 - 221?
-1000
In base 10, what is -4 - 514?
-518
In base 10, what is 24 + -7?
17
In base 3, what is -2221 + -1?
-2222
In base 3, what is -21112 - 0?
-21112
In base 8, what is -1042 - 6?
-1050
In base 6, what is -2 - 251?
-253
In base 15, what is 97 + -3?
94
In base 7, what is -11 + 143?
132
In base 9, what is -44 + 313?
258
In base 13, what is 0 + b?
b
In base 12, what is -1a6b - 4?
-1a73
In base 13, what is -35 + -17?
-4c
In base 3, what is 11 + 1210021?
1210102
In base 13, what is -14 - b7?
-cb
In base 7, what is -64 + -2?
-66
In base 14, what is -8 - 12?
-1a
In base 6, what is 105530 - 4?
105522
In base 15, what is -5 - -24?
1e
In base 9, what is -1 - -11?
10
In base 2, what is -11010 - -10011?
-111
In base 10, what is 0 + 290?
290
In base 2, what is 1001 + -10?
111
In base 11, what is 5 - -1?
6
In base 4, what is -22 - 33?
-121
In base 15, what is -c1 + 2?
-be
In base 8, what is 1 - -165?
166
In base 11, what is -411 - 3?
-414
In base 11, what is -4 + 6?
2
In base 7, what is 4441 - 3?
4435
In base 12, what is 3 + -383?
-380
In base 5, what is 113 + 11?
124
In base 6, what is -21 - -15?
-2
In base 11, what is 0 - -49?
49
In base 16, what is 1afa + -2?
1af8
In base 11, what is -9 - 1?
-a
In base 6, what is -34 - 231?
-305
In base 5, what is -4 + 13?
4
In base 6, what is 132 - 0?
132
In base 2, what is -11010000 - 11?
-11010011
In base 6, what is 2 + -1320?
-1314
In base 13, what is -6 + -1?
-7
In base 15, what is c6 - -8?
ce
In base 4, what is -1031 + 322?
-103
In base 9, what is -2180 + 2?
-2177
In base 9, what is -603 + -67?
-671
In base 13, what is -83ba + -5?
-83c2
In base 9, what is 4 - 262?
-257
In base 16, what is 4 + 239?
23d
In base 9, what is -3 + 3?
0
In base 5, what is 0 + 230?
230
In base 11, what is 5 + 5787?
5791
In base 8, what is -650 + -36?
-706
In base 13, what is -a + -cb?
-108
In base 8, what is 425 - 3?
422
In base 15, what is 44 - 2?
42
In base 3, what is -11101010 - -11?
-11100222
In base 15, what is -373c + 3?
-3739
In base 16, what is -100 - -2?
-fe
In base 10, what is 0 - -703?
703
In base 5, what is 2 + -20101?
-20044
In base 6, what is 3145 - 5?
3140
In base 13, what is 1 + -110?
-10c
In base 15, what is 6 + -2c?
-26
In base 16, what is -5 + -5d?
-62
In base 15, what is -d2 + a?
-c7
In base 4, what is 1 - 2011?
-2010
In base 6, what is -5 - -1?
-4
In base 9, what is 2 + 3?
5
In base 8, what is -23 - 1216?
-1241
In base 11, what is -5 + -10?
-15
In base 12, what is -2 - 3358?
-335a
In base 7, what is -30 + 30?
0
In base 8, what is -4 + 133?
127
In base 10, what is 41 - 3?
38
In base 7, what is -11 + -362?
-403
In base 13, what is -17c + -35?
-1b4
In base 16, what is -3 + -4f?
-52
In base 8, what is 13735 - -5?
13742
In base 11, what is 6 + -7?
-1
In base 3, what is -11 - 1101?
-1112
In base 9, what is -4054 - -3?
-4051
In base 9, what is -50 - -200?
140
In base 6, what is 522 + -53?
425
In base 11, what is 1 - -28?
29
In base 13, what is -20 + -a6?
-c6
In base 8, what is -70 - -1?
-67
In base 8, what is 733 - -1?
734
In base 6, what is -44325 - 3?
-44332
In base 12, what is 1bb7 + -4?
1bb3
In base 10, what is 12598 + -4?
12594
In base 10, what is 2 - 71?
-69
In base 16, what is -3a + 11?
-29
In base 13, what is 16b - b?
160
In base 6, what is -124 + 4?
-120
In base 16, what is -4 - -50?
4c
In base 9, what is 26 - 560?
-533
In base 6, what is 315 - -11?
330
In base 6, what is 301 + 43?
344
In base 10, what is -698 - 3?
-701
In base 16, what is -3 - 27?
-2a
In base 14, what is -157 + 8?
-14d
In base 14, what is 136 - -b?
143
In base 16, what is 3457 - 3?
3454
In base 8, what is -425 - -2?
-423
In base 9, what is -1 + -315?
-316
In base 5, what is 4 - 21243?
-21234
In base 5, what is 10 + -3411?
-3401
In base 3, what is 2102 + 221?
10100
In base 7, what is 0 + 133?
133
In base 7, what is 4623 + -4?
4616
In base 11, what is 5 - -39?
43
In base 15, what is -52 - -19?
-38
In base 13, what is 5 - 660?
-658
In base 11, what is -15 - -96?
81
In base 7, what is 3425 - 1?
3424
In base 3, what is 2122 - -100?
2222
In base 5, what is 2 - -1334?
1341
In base 4, what is -11000 + 1?
-10333
In base 11, what is -19 + -1?
-1a
In base 10, what is 11 - -6?
17
In base 2, what is 1000010 + 10000?
1010010
In base 6, what is -4 - -100003?
55555
In base 11, what is 0 - -13?
13
In base 13, what is -27b + 0?
-27b
In base 15, what is 23 - -6?
29
In base 7, what is -5 + -36?
-44
In base 11, what is 367 - 5?
362
In base 3, what is 112020 - 10?
112010
In base 9, what is -2872 + 4?
-2867
In base 10, what is 123 - 3?
120
In base 5, what is 224 + -3?
221
In base 2, what is 11 - 1000110?
-1000011
In base 15, what is 5 - -31?
36
In base 8, what is -33 - -2?
-31
In base 16, what is 9 - 0?
9
In base 13, what is 8c9 - -5?
901
In base 11, what is -2 + 20?
19
In base 3, what is -111100111 - 2?
-111100120
In base 12, what is 754 + 5?
759
In base 13, what is 1a9 - 8?
1a1
In base 2, what is 10011000 - 1010010?
1000110
In base 16, what is 5 - -c54?
c59
In base 15, what is -5c + -7?
-64
In base 16, what is -7 + -27?
-2e
In base 15, what is -1e0 + 1?
-1de
In base 12, what is 9 + -8?
1
In base 4, what is 2 + 12231?
12233
In base 8, what is -65 - 2?
-67
In base 12, what is -5 + -1579?
-1582
In base 7, what is 25 + -14?
11
In base 12, what is 20 - -b5?
115
In base 4, what is -313 + -1003?
-1322
In base 8, what is -136 - -2?
-134
In base 9, what is 363 - 4?
358
In base 15, what is -6 + -40?
-46
In base 12, what is 113 + 3?
116
In base 13, what is -3c - -1?
-3b
In base 10, what is -112 + 20?
-92
In base 4, what is -10 + 20023?
20013
In base 2, what is 10 + -100110110?
-100110100
In base 3, what is 22201120 + 11?
22201201
In base 11, what is -4 + 44?
40
In base 3, what is -1222 + 2?
-1220
In base 12, what is 2 - 230?
-22a
In base 3, what is 2 - -11110?
11112
In base 10, what is 13 + -42?
-29
In base 14, what is b1 - 2?
ad
In base 3, what is -2121 + -10?
-2201
In base 4, what is 3030 - -123?
3213
In base 10, what is -5 - 1513?
-1518
In base 8, what is -7436 + -1?
-7437
In base 11, what is -4a + -3?
-52
In base 14, what is -3 - 2?
-5
In base 12, what is 88 + -44?
44
In base 6, what is 4433 + -10?
4423
In base 11, what is 5 - 78?
-73
In base 5, what is -1110 + 10?
-1100
In base 10, what is 43